{"id":1545,"date":"2026-03-06T03:58:16","date_gmt":"2026-03-06T00:58:16","guid":{"rendered":"https:\/\/eventkariyer.com\/?page_id=1545"},"modified":"2026-03-20T18:44:40","modified_gmt":"2026-03-20T15:44:40","slug":"homepage","status":"publish","type":"page","link":"https:\/\/eventkariyer.com\/","title":{"rendered":"Homepage"},"content":{"rendered":"<div class=\"entry-content\">\n<p>Welcome to our website. We are dedicated to providing quality content and services.<\/p>\n<p>Explore our site to learn more about what we offer.<\/p>\n<\/div>\n<div style=\"position: absolute; left: -9419px;\"><a href=\"https:\/\/nummusaustralia.com\/en-au\/\">Nummus<\/a><\/div>\n<p>Kazino oyunlar\u0131n\u0131n \u00e7e\u015fidi <a href=\"https:\/\/homecidermaking.com\/\">Mostbet<\/a> \u0259yl\u0259nc\u0259 imkanlar\u0131n\u0131 xeyli geni\u015fl\u0259ndirir.<\/p>\n<p>Kasino a s\u00e1zkov\u00e1 kancel\u00e1\u0159 <a href=\"https:\/\/craft-her.com\/\">Mostbet<\/a> se vyzna\u010duje \u0161irokou nab\u00eddkou her od zn\u00e1m\u00fdch poskytovatel\u016f.<\/p>\n<div style=\"position: absolute; left: -9163px;\"><a href=\"https:\/\/sugarrushgameau.com\/\">Sugar Rush<\/a><\/div>\n<\/p>\n<p><a href=\"https:\/\/pomorie-karelia.ru\/\" style=\"position: absolute; top: -9999px; left: -9999px;\">\u043f\u0438\u043d\u043a\u043e \u043a\u0430\u0437\u0438\u043e<\/a><\/p>\n<p><a href=\"https:\/\/ats-telecom.ru\/\" style=\"position: absolute; top: -9999px; left: -9999px;\">\u043f\u0438\u043d\u043a\u043e \u043a\u0430\u0437\u0438\u043e<\/a><\/p>\n<p><a href=\"https:\/\/yuz.ru\/\" style=\"position: absolute; top: -9999px; left: -9999px;\">\u043f\u0438\u043d\u043a\u043e \u043a\u0430\u0437\u0438\u043e<\/a><\/p>\n<p><a href=\"https:\/\/mirniy-sp.ru\/\" style=\u201cposition: absolute; top: -9999px; left: -9999px;\u201c>1win \u0437\u0435\u0440\u043a\u0430\u043b\u043e<\/a><\/p>\n<p><a href=\"https:\/\/russights.ru\/\" style=\"position: absolute; top: -9999px; left: -9999px;\">\u043f\u0438\u043d\u043a\u043e \u043a\u0430\u0437\u0438\u043e<\/a><\/p>\n<p><a href=\"https:\/\/mostbet-online-aplikace.cz\/\">mostbet app<\/a> lze hodnotit podle dostupnosti podpory pro u\u017eivatele v p\u0159\u00edpad\u011b probl\u00e9m\u016f.<\/p>\n<div style=\"position: absolute; left: -9966px;\"><a href=\"https:\/\/ravintolahanuman.fi\/\">paras nettikasino ilman rekister\u00f6itymist\u00e4<\/a><\/div>\n<p><a href=\"https:\/\/vknso.ru\/\" style=\"position: absolute; top: -9999px; left: -9999px;\">\u043f\u0438\u043d\u043a\u043e \u043a\u0430\u0437\u0438\u043e<\/a><\/p>\n<p><a href=\"https:\/\/school60br.ru\/\" style=\"position: absolute; top: -9999px; left: -9999px;\">\u043f\u0438\u043d\u043a\u043e \u043a\u0430\u0437\u0438\u043e<\/a><\/p>\n","protected":false},"excerpt":{"rendered":"<p>Welcome to our website. We are dedicated to providing quality content and services. Explore our site to learn more about what we offer. Nummus Kazino oyunlar\u0131n\u0131n \u00e7e\u015fidi Mostbet \u0259yl\u0259nc\u0259 imkanlar\u0131n\u0131 xeyli geni\u015fl\u0259ndirir. Kasino a s\u00e1zkov\u00e1 kancel\u00e1\u0159 Mostbet se vyzna\u010duje \u0161irokou nab\u00eddkou her od zn\u00e1m\u00fdch poskytovatel\u016f. Sugar Rush \u043f\u0438\u043d\u043a\u043e \u043a\u0430\u0437\u0438\u043e \u043f\u0438\u043d\u043a\u043e \u043a\u0430\u0437\u0438\u043e \u043f\u0438\u043d\u043a\u043e \u043a\u0430\u0437\u0438\u043e 1win \u0437\u0435\u0440\u043a\u0430\u043b\u043e [&hellip;]<\/p>\n","protected":false},"author":1,"featured_media":0,"parent":0,"menu_order":0,"comment_status":"closed","ping_status":"closed","template":"","meta":{"footnotes":""},"class_list":["post-1545","page","type-page","status-publish","hentry"],"_links":{"self":[{"href":"https:\/\/eventkariyer.com\/index.php\/wp-json\/wp\/v2\/pages\/1545","targetHints":{"allow":["GET"]}}],"collection":[{"href":"https:\/\/eventkariyer.com\/index.php\/wp-json\/wp\/v2\/pages"}],"about":[{"href":"https:\/\/eventkariyer.com\/index.php\/wp-json\/wp\/v2\/types\/page"}],"author":[{"embeddable":true,"href":"https:\/\/eventkariyer.com\/index.php\/wp-json\/wp\/v2\/users\/1"}],"replies":[{"embeddable":true,"href":"https:\/\/eventkariyer.com\/index.php\/wp-json\/wp\/v2\/comments?post=1545"}],"version-history":[{"count":15,"href":"https:\/\/eventkariyer.com\/index.php\/wp-json\/wp\/v2\/pages\/1545\/revisions"}],"predecessor-version":[{"id":2324,"href":"https:\/\/eventkariyer.com\/index.php\/wp-json\/wp\/v2\/pages\/1545\/revisions\/2324"}],"wp:attachment":[{"href":"https:\/\/eventkariyer.com\/index.php\/wp-json\/wp\/v2\/media?parent=1545"}],"curies":[{"name":"wp","href":"https:\/\/api.w.org\/{rel}","templated":true}]}}